the prime factors of u.
2, 79
Let z = 23941 - -15638. List the prime factors of z.
3, 79, 167
Let d(y) = 58*y**2 + 23*y - 17. Let j be d(10). Suppose 87*r - 80*r = j. List the prime factors of r.
859
Suppose -2*t - 288 = -5*t. Let q = 107 - t. Suppose -o + q = -117. What are the prime factors of o?
2
Let f(t) = 63*t**2 - 75*t + 930. List the prime factors of f(11).
2, 3, 7, 23
Suppose -4262 = -2*w + 27002 + 2170. List the prime factors of w.
73, 229
What are the prime factors of 2004/(-10)*(7 - 190/20)?
3, 167
Suppose -3*d - 4*i - i + 1167 = 0, 0 = -5*d - 2*i + 1926. Let s = 761 - d. List the prime factors of s.
13, 29
List the prime factors of (-17)/(-68) + (8/28 - 2636670/(-168)).
5, 43, 73
Let d(l) be the third derivative of l**4/8 + 59*l**3/3 - 6*l**2. Let f be d(0). Suppose 0 = 2*t - 48 - f. What are the prime factors of t?
83
Suppose -8*s + 40 - 8 = 0. Suppose -3*u + s*a = -1600 - 643, -4*a = -u + 753. What are the prime factors of u?
5, 149
Suppose 39*s - 29856 - 51815 = 26359. List the prime factors of s.
2, 5, 277
Let m = 12454 - 6846. What are the prime factors of m?
2, 701
Let m = 438 + -444. What are the prime factors of m/(-22) - (-17412)/44?
2, 3, 11
Let t be (5/(-2))/(1/(-2)). Suppose 3*i = t*n - 1991, 8*i + 798 = 2*n + 6*i. What are the prime factors of n?
397
Let m(n) = -28*n**3 + 8*n**2 + 22*n + 104. List the prime factors of m(-6).
2, 19, 83
Suppose n + 2*l = 526, 5*n - 2644 = -0*l - 3*l. Let t = -231 + n. List the prime factors of t.
13, 23
Suppose -6*c + 22*x = 23*x - 24534, 5*c + 3*x - 20445 = 0. List the prime factors of c.
3, 29, 47
Let s be (0 + 7 + -3 - -362) + 4. Suppose 0*u - 1467 = -4*j - u, j - 3*u = s. List the prime factors of j.
367
Suppose -51*v + 14*v = 65*v - 2316828. List the prime factors of v.
2, 41, 277
Suppose 2*a = 145*l - 149*l + 25866, 5*a + 2*l = 64705. List the prime factors of a.
7, 43
Let a be 0 - -72 - (10 + -8). Suppose 5*v - 2650 = a. What are the prime factors of v?
2, 17
Suppose -69*c + 292384 = -112*c + 59*c. What are the prime factors of c?
2, 9137
Let l(k) = 432*k**3 - 3*k**2 + 10*k - 8. Let a be (25/(-7))/(-5) + 6/21. What are the prime factors of l(a)?
431
Let i(w) = -w**3 - 38*w**2 - 37*w - 5. Let t be i(-37). What are the prime factors of t/(-25)*416*5 - -4?
2, 3, 5, 7
Suppose 41*c = -260122 + 1093283. What are the prime factors of c?
7, 2903
Let r be 0*(-2)/6 - (-2 + -1). Let h = r + -6. Let m(c) = 7*c**2 - c + 6. What are the prime factors of m(h)?
2, 3
Let o(a) = -a**3 - 78*a**2 - 9*a - 434. What are the prime factors of o(-79)?
2, 3259
Let u(w) = w**3 - 7*w**2 - 8*w + 4. Let c = -32 + 41. Let q be u(c). Suppose 3*m + q = o, -174 = -4*o + 2*o - m. What are the prime factors of o?
2, 11
Let k(s) = s**2 - 2*s + 2. Let b be 3*(-4)/(-3 + -1). Let t be k(b). Suppose -m + 295 = -v + 4*v, -2*v + 188 = t*m. List the prime factors of v.
3, 11
Let q = 26657 - 17856. What are the prime factors of q?
13, 677
Let q(i) be the second derivative of i**6/80 + 5*i**4/6 - 5*i. Let k(t) be the third derivative of q(t). List the prime factors of k(5).
3, 5
List the prime factors of 9015/(24/(8 + 0)) - 6.
2999
Suppose 64*i - 325368 + 53801 = 53169. List the prime factors of i.
2, 43, 59
Let f(z) = 5*z**2 + 29*z - 6. Let g be f(19). Suppose -4*k + 5*i = -9*k + g, -5*i + 952 = 2*k. What are the prime factors of k?
2, 233
Suppose 5*t = -3*r + 30, -4*r + 9*r = 2*t - 43. Let k(h) = -20*h + t*h - 24*h - 18. What are the prime factors of k(-5)?
157
Let v = -275 - -398. What are the prime factors of v*1/3 - (-1 - 2)?
2, 11
Let p(n) = n**3 - 16*n**2 + 14*n + 18. Let j = -21 - -21. Suppose 4*b + 50 = 2*u - j*b, 40 = 2*u - 2*b. What are the prime factors of p(u)?
3
Suppose -18*b + 12*b = 7182. List the prime factors of (-6)/(-33) - b/11.
109
Suppose 252 = 3*z - 5*s, 0 = -0*z + 4*z + 5*s - 371. Let b = -216 + z. Let t = b + 266. List the prime factors of t.
139
Suppose -2*i = 2*x + 2*i + 54, 3*x = -4*i - 87. Let m = x + 21. What are the prime factors of -27*2*m/8?
3
Let c(y) = 28*y**2 + 5*y. Let z(o) be the first derivative of o**3/3 + 3*o**2/2 + o - 20. Let p be z(-3). List the prime factors of c(p).
3, 11
Suppose 58*l = 17*l - 1148. Let x(z) = -z**3 - 27*z**2 + 24*z + 140. List the prime factors of x(l).
2, 3, 7
Suppose -a - 4*s = 3*a, -5*a = -4*s + 9. Let l be 12/(-8)*(-3 - a). Suppose -w - 3 + 70 = 2*p, -l*w + 3*p + 246 = 0. What are the prime factors of w?
7, 11
Suppose 0 = 141*y - 25*y + 21*y - 3386229. What are the prime factors of y?
3, 7, 11, 107
List the prime factors of (8 - 10)*(-4 + 2 + -4394 - -5).
2, 4391
Suppose 0 = -4*q - 2*o + 42, -q - 3*o = -0*q - 18. Suppose -7*n - 84 = -q*n. Let l = n - 32. What are the prime factors of l?
2, 5
Suppose 0 = -79*c + 109*c - 814560. What are the prime factors of c?
2, 1697
Let h be 6 + 450/(-70) + (-56846)/(-14). Suppose 10*o = 3310 + h. What are the prime factors of o?
11, 67
Let q(i) = -7*i - 18. Let u(d) be the first derivative of 7*d**2 + 35*d + 1. Let p(c) = -14*q(c) - 6*u(c). What are the prime factors of p(5)?
2, 7
Let t(g) = 22*g + 9. Suppose -6*f - z - 86 = -4*f, 3*z = -f - 53. Let s = -38 - f. What are the prime factors of t(s)?
3, 5
Let y(i) be the third derivative of -29/6*i**3 - 5/24*i**4 + 0*i - 1/15*i**5 - 1/120*i**6 + 0 + i**2. List the prime factors of y(-5).
3, 7
Let k = -31669 - -53108. List the prime factors of k.
11, 1949
Let f be (-2)/4*2 + 12/(-4). Let g = 40 - 36. List the prime factors of 3 - (f + -2 - g).
13
Suppose -120 = 8*q - 0. What are the prime factors of 232/(-145) + (-15789)/q?
1051
Suppose 8*i + 45890 = 44591 + 146723. What are the prime factors of i?
2, 61, 149
Let f = 617 - 617. Suppose 44*c - 51*c + 7840 = f. What are the prime factors of c?
2, 5, 7
Let b = 60824 - -76779. What are the prime factors of b/259 - 4/14?
3, 59
Suppose -v - 2*g + 9653 = 0, 9*v + 4*g - 27782 = 59179. List the prime factors of v.
5, 1933
Let b(y) = -y**3 + 3*y**2 + 4*y - 1. Let g be b(4). Let j be g - (3 - 5) - 3/(-1). Suppose -2*k + j*k = 98. What are the prime factors of k?
7
Suppose -16*o - 16*o + 277632 = 16*o. What are the prime factors of o?
2, 3, 241
Let z = 109 - 120. Let j = 389 + z. List the prime factors of j.
2, 3, 7
Suppose -a = 10 - 15. Suppose -8 = -p + 5*d, 4*p - a*d - 9 = 23. What are the prime factors of p?
2
List the prime factors of (-119)/238 - (-105250)/4.
2, 11, 13, 23
Let f(q) = q**3 - 32*q - 55 + 16*q + 197*q**2 - 176*q**2. What are the prime factors of f(-21)?
281
Suppose 122*q - 9 = 119*q. Suppose -4*m + q*n + 199 = 0, -m + 5*m - 217 = -3*n. List the prime factors of (9352/(-26))/(-2) + 8/m.
2, 3, 5
Let i be (-306)/(-18) - 1/(1/4). Suppose 22*n = i*n + 3870. List the prime factors of n.
2, 5, 43
Let n(l) be the third derivative of 61*l**4/8 + l**3/6 + 76*l**2. List the prime factors of n(1).
2, 23
Suppose -16269 = -4*y - a, -y + 5*a = -5*y + 16257. What are the prime factors of y?
2, 3, 113
Suppose -3*d - 6390 + 1350 = 0. Let c = d - -2555. What are the prime factors of c?
5, 7
Let b = -3806 + 11253. What are the prime factors of b?
11, 677
Suppose 127*o = 82*o + 413415. What are the prime factors of o?
9187
Suppose -4*l + 989 = -151. Let j(q) = 16*q - 382. Let b be j(26). Suppose -29*s - l = -b*s. What are the prime factors of s?
3, 19
Suppose -4*b + 6 + 10 = 0. Let r = 1572 - 832. Suppose b*h - 9*h + r = 0. What are the prime factors of h?
2, 37
Let l = 219 + -101. Suppose 2*s + l = 714. List the prime factors of s.
2, 149
Let q = 541 + -1056. What are the prime factors of 14/42 - q/3?
2, 43
Let f = 870 - 159. Suppose f = 3*s + 33. What are the prime factors of s?
2, 113
Let i be (-49264)/(-88) + (-2)/(-11). Suppose -127*r = -125*r - i. List the prime factors of r.
2, 5, 7
Suppose 2*i + 5*n = 23, 3*n + 13 = i + 7*n. List the prime factors of (-18)/i*(2 - 1) + 420.
2, 11, 19
Let x be (5295/(-10))/((-3)/2). Suppose -x - 195 = -s. List the prime factors of s.
2, 137
List the prime factors of ((-571701)/1233)/(1/(-9)).
3, 13, 107
Let s = -18495 + 37102. What are the prime factors of s?
23, 809
Let b(v) = -135*v + 15. Let d be b(-6). Let i be (2/5)/(11/d). Suppose 0 = 3*u + 4*s - i, -7 - 14 = -5*u + 3*s. List the prime factors of u.
2, 3
Suppose x - 4*a - 28 = 7, -3*x + 3*a + 114 = 0. Let i = x + -37. List the prime factor